uppose 4*r = 8, 12794 = -31*c + 32*c + 4*r. List the prime factors of c.
2, 3, 2131
Suppose 2 = -4*c + 2*m - 28, 5 = c + 2*m. Let j(p) = 21*p**2 - 3*p - 37. List the prime factors of j(c).
503
Suppose 29851 = 2*x + n - 27813, 144163 = 5*x + n. List the prime factors of x.
3, 7, 1373
Let d be (11 + 1)*(280/80 + -1). Suppose y = -3*u + 38, -2*u + 2*y + 17 = -3. Let a = d - u. List the prime factors of a.
2, 3
Let z = 16277 - 7948. What are the prime factors of z?
8329
What are the prime factors of (-6 + (-50972)/20)*35/((-42)/6)?
53, 241
Let o(c) = 149*c - 2732. What are the prime factors of o(82)?
2, 3, 17, 31
Let l = -26945 + 29988. What are the prime factors of l?
17, 179
Suppose -3*u + 32 = 2*f, -30 = -3*u + f - 10. Let s(v) be the first derivative of 15*v**2/2 - 6*v + 242. What are the prime factors of s(u)?
2, 3, 19
Let n(v) = -34*v + 48 - 16*v**2 - 10 - 12*v - v**3. What are the prime factors of n(-18)?
2, 757
Let k(s) = 481*s**2 - 7*s - 38. Let v be k(-4). Suppose -55*o + 69*o = v. List the prime factors of o.
3, 61
Let f(l) = 34*l**2 - 15*l + 10. What are the prime factors of f(5)?
5, 157
Let k = -22 - -26. Suppose -k*b - 172 = -2*f - 0*b, 0 = -2*b. Suppose 9*s + f - 896 = 0. List the prime factors of s.
2, 3, 5
List the prime factors of (-11 - -9)/(-2) - -8978.
3, 41, 73
Suppose 12815 = -2*c + 13*c. Suppose 3*f - 1028 = -d + c, 2202 = 3*f + 4*d. What are the prime factors of f?
2, 5, 73
Suppose -4*i + 1028 = 2*m, 13*i = 16*i - 2*m - 771. What are the prime factors of i?
257
Suppose w + 0*k + 3*k + 18 = 0, 2*k = -5*w - 25. What are the prime factors of 339/w*(1 + (4 - 6))?
113
Suppose 5*i + 0 = -25, -d + 3*i = -12111. What are the prime factors of d?
2, 3, 7
Suppose -3 = 21*s - 22*s. Suppose -s + 11 = 4*a. Suppose -a*h = -4*l - 260, l + 22 + 110 = h. List the prime factors of h.
2, 67
Suppose 97825 = 461*z - 456*z - 5*j, 2*j - 19544 = -z. List the prime factors of z.
2, 7, 11, 127
Suppose 2*k = 10, 3*k - 6 + 23 = 4*y. List the prime factors of -3*(-3)/(-12) + 718/y.
89
Suppose -351 = -6*m - 321. Suppose j = 4*w - 1764, -3*j = m*w - 2*w - 1338. What are the prime factors of w?
2, 13, 17
Let n(b) = -8*b**3 - b**2 + 1. Let r be n(-1). Let w be (r/10)/(1/5). Suppose -5*f - w*y = -136, 6*y = 3*y + 12. List the prime factors of f.
2, 3
Suppose -7551*c = -7547*c - 14800. What are the prime factors of c?
2, 5, 37
Suppose 3297*b - 3309*b + 18552 = 0. List the prime factors of b.
2, 773
What are the prime factors of 19956 + -13 + (-2 - -5)/((-3)/(-2))?
5, 3989
Let j(c) be the third derivative of 5*c**4/12 - 17*c**3/2 + 17*c**2. Let d be j(26). Suppose d = 6*x - 307. What are the prime factors of x?
2, 43
Let p be -3*(3/9 + -1). Let a be (-236)/2*15/(-5). Suppose 4*u + p*u = a. What are the prime factors of u?
59
Let b(v) = -v**3 + 8*v**2 + 11*v + 7. Let h be b(9). Suppose 6*l - h = l. Suppose -l*z + 2*a + a + 670 = 0, -2*z - 2*a = -268. List the prime factors of z.
2, 67
Let y = 7524 - -934. What are the prime factors of y?
2, 4229
Let o(u) = -141*u + 1552. List the prime factors of o(-21).
4513
Suppose -4*u + 13*h - 18*h = -56803, 4*u - 5*h - 56813 = 0. List the prime factors of u.
2, 3, 263
Suppose 3*s + 3*x = -1356 + 95655, -5*x = -4*s + 125768. What are the prime factors of s?
3, 7, 499
Suppose 26*b - 36*b = 10. List the prime factors of -1*(3 - 2) + (87 - b).
3, 29
List the prime factors of 5549 - (3 - (-72)/(-9) - -13).
3, 1847
Let r(a) = a**2. Let d be r(-2). Let i = 63 + 11. Suppose f + d*q - 53 = 2*q, f = 5*q + i. What are the prime factors of f?
59
Let w = -22 + 30. Let j(g) = -g**3 + 9*g**2 - 5*g - 21. Let b be j(w). Suppose -b*x + 16 = l + 1, -3*x - 5*l = -15. What are the prime factors of x?
5
Let l(u) = 36*u**2 - 324 + 341 - 8*u + 17*u. List the prime factors of l(5).
2, 13, 37
Let s(i) = 2*i**2 + 5*i - 17. Let t be s(17). Suppose -4*u - 12 = 0, 4*w - 155 = -u + t. Let b = w + -67. What are the prime factors of b?
2, 67
Let h(j) = 12*j**3 + 2*j**2 + j + 4. Let z be h(-3). Let m = -140 - z. Let q = m - 96. What are the prime factors of q?
3, 23
Suppose -3*l + y - 2 + 11 = 0, 2*y = 3*l - 9. Suppose 1536 = 2*p - l*k - 671, 0 = 2*p + 2*k - 2182. List the prime factors of p.
2, 137
Suppose -4*v = -5*c + 34043 + 119030, -4*c + 3*v + 122459 = 0. What are the prime factors of c?
17, 1801
Let g = 1949 + -990. Suppose 0 = -3*d + 8*h - 4*h + g, 0 = -d - 2*h + 303. What are the prime factors of d?
313
Suppose -11925 = 13*h + 2*h. Let r = 94 - h. List the prime factors of r.
7, 127
What are the prime factors of (-10)/(-70) - (577072/(-56) + -6)?
3, 7, 491
Let r(u) be the second derivative of 173*u**4/3 + u**3/6 - 3*u**2/2 + 23*u + 3. List the prime factors of r(1).
2, 3, 5, 23
Let f(v) = -v**3 + 9*v**2 - 12*v - 2. Let i be f(2). Let g(r) = 20*r**3 + 3*r**2 - r - 8. List the prime factors of g(i).
2, 3
Let i(h) = 2*h - 9. Suppose 0 = 9*k - 63 + 423. Let p be (k/(-30))/((-1)/(-9)). What are the prime factors of i(p)?
3, 5
Let x(k) = k + 10. Let w be x(-7). Suppose 2*m = -w*p + 1150, m + 4*m = 3*p - 1115. Suppose -5*h = -250 - p. List the prime factors of h.
2, 3, 7
Let q(z) = 25*z**3 + 2*z**2 + z. Let t be q(2). Suppose 3*b - 630 = -3*v, t = -6*v + 7*v + 3*b. What are the prime factors of v?
2, 3, 5, 7
Let b(l) = 13*l**2 - 8*l + 80. Let w = -242 - -248. List the prime factors of b(w).
2, 5
Suppose 19056 = 3*v + 10933 - 46177. List the prime factors of v.
2, 5, 181
Let z = -13430 - -21925. List the prime factors of z.
5, 1699
Let o = -17438 + 44195. What are the prime factors of o?
3, 991
Let a = 3918 + -3249. List the prime factors of a.
3, 223
Suppose 24 = -3*z, 2*z + 134208 = 5*g - 49038. What are the prime factors of g?
2, 73, 251
Let p(s) be the third derivative of -17*s**5/24 - s**4/12 - 7*s**3/6 - 7*s**2. Let u(j) be the first derivative of p(j). What are the prime factors of u(-1)?
83
List the prime factors of (-802952)/(-68) + (132/102)/(-11).
2, 3, 41
Suppose -5*g + 5*x - 1005 = 0, -5*x - 109 + 712 = -3*g. What are the prime factors of ((-140)/15)/(1/g)?
2, 7, 67
Suppose -2*u + 5*l = -8230, 3*u - l + 4*l - 12345 = 0. Suppose 0 = 19*g - 236 - u. What are the prime factors of g?
229
Suppose 2560 = 3*n - 2*u, 3577 = 4*n + 2*u + 145. Suppose n = 2*m - 1004. List the prime factors of m.
2, 3, 5, 31
Let k = 275 + -247. Let n be 3/2 - 1/(-2). What are the prime factors of 107/4 + n + k/(-16)?
3
What are the prime factors of 244*((-72)/9 - -11 - -16)?
2, 19, 61
Let b(f) = -f**2 + 5*f - 21. Let k be b(4). What are the prime factors of ((-9)/3)/(k/1649)?
3, 97
Let o(m) = 23*m + 30. Let a(d) = -1. Let g(z) = -3*a(z) - o(z). What are the prime factors of g(-26)?
571
Let h = -177 - -366. Let j be (-2124)/(-8) + 6/(-12). Let t = j - h. What are the prime factors of t?
2, 19
List the prime factors of (((-9984)/(-80))/(-16))/((-7)/54985).
3, 13, 1571
Let a be -9 - 5364/(-68) - 4/(-34). Suppose a = 2*x - 98. List the prime factors of x.
2, 3, 7
Suppose 19*q - 17*q = 6. Suppose 12 = q*h + 2*n, h = -n - n + 8. Suppose 3*u - 171 = -4*m, -m - 4*u + 39 = -h*u. List the prime factors of m.
3, 5
Let j(p) be the first derivative of -1/2*p**2 + 31 - 5/2*p**4 + 5*p - 4/3*p**3. What are the prime factors of j(-3)?
2, 11
Suppose -84784*z = -84758*z - 866658. List the prime factors of z.
3, 41, 271
Let j(y) = y**3 + 3*y**2 + 3*y + 7. Let d be j(-3). List the prime factors of 218 + (6 + -3)*d.
2, 53
Suppose 27*g - 29*g - 2*s - 248 = 0, 129 = -g - 2*s. Suppose 3*z - 614 = 4. Let c = g + z. What are the prime factors of c?
3, 29
What are the prime factors of ((-2)/96*-16)/((-2)/(-53190))?
3, 5, 197
Let v(w) = 16*w**3 + 2*w**2 - 4*w - 8. Let r be v(7). Suppose -i + r = -6*i. What are the prime factors of (i/105)/(2/(-14))?
2, 37
Let k = 132968 + -74751. What are the prime factors of k?
58217
Suppose -2*u - 5 = 3*u, -3*t - u - 34 = 0. What are the prime factors of t/33 + (-1460)/(-6)?
3
Let o be (1 + -1)/(28 + -27). Suppose -20*r + 1067 + 1193 = o. What are the prime factors of r?
113
Let f(d) = -102*d - 10. Suppose 7*i - 212 + 569 = 0. Let s = -52 - i. List the prime factors of f(s).
2, 23
Let i(j) = 60 - 35*j + 58 + 3*j**2 + 95 - 142. List the prime factors of i(22).
3, 251
Let x = 249 + -244. Suppose x*a + 4*j = 3*a + 886, -3*a + 1350 = -j. List the prime factors o